{"id":99,"date":"2026-01-27T10:31:25","date_gmt":"2026-01-27T10:31:25","guid":{"rendered":"https:\/\/www.lions-auxerre.fr\/?page_id=99"},"modified":"2026-01-28T13:27:50","modified_gmt":"2026-01-28T13:27:50","slug":"infos-pratiques","status":"publish","type":"page","link":"https:\/\/www.lions-auxerre.fr\/?page_id=99","title":{"rendered":"INFOS PRATIQUES"},"content":{"rendered":"\n<p>Au complexe Serge M\u00e9son\u00e8s &#8211; avenue de de la R\u00e9sistance &#8211; Auxerre<br>Arr\u00eat des cours \u00e0 partir du 20 juin 2026 pour les 6-15 ans<\/p>\n\n\n\n<p><br><strong>Ecole de Patinage<\/strong> (6 &#8211; 10 ans)<br>    &#8211; Mercredi de 15 h 30 \u00e0 16 h 30<br><strong>Ecole de Patinage<\/strong> (11 &#8211; 15 ans)<br>    &#8211; Mercredi de 17 h 30 \u00e0 18 h 30<br><strong>Hockey<\/strong> (10 &#8211; 15 ans)<br>    &#8211; Mercredi de 16 h 30 \u00e0 17 h 30<\/p>\n\n\n\n<p><br><em><strong>ADULTES ET JEUNES (\u00e0 partir de 16 ans)<\/strong><\/em><br><\/p>\n\n\n\n<div class=\"wp-block-group is-vertical is-layout-flex wp-container-core-group-is-layout-8cf370e7 wp-block-group-is-layout-flex\">\n<p><strong>ROLLER FITNESS<\/strong><\/p>\n\n\n\n<p>    &#8211; Mercredi de 18h30 \u00e0 19H30<\/p>\n\n\n\n<p>    &#8211; Vendredi de 19h30 \u00e0 20h30 (en ext\u00e9rieur, calendrier d\u00e9fini en d\u00e9but d&#8217;ann\u00e9e)<br><strong>ROLLER HOCKEY<\/strong><\/p>\n\n\n\n<p>    &#8211; Lundi de 20h00 \u00e0 22h00 (comp\u00e9tition)<\/p>\n\n\n\n<p>    &#8211; Mercredi de 21h00 \u00e0 22h00 (comp\u00e9tition)<\/p>\n\n\n\n<p>    &#8211; Mercredi de 19h30 \u00e0 21h00<br><strong>ROLLER DERBY<\/strong><\/p>\n\n\n\n<p>    &#8211; Mardi de 20h00 \u00e0 22h00<\/p>\n\n\n\n<p>    &#8211; Samedi de 17h00 \u00e0 19h00<br><\/p>\n\n\n\n<p><strong>TARIFS<\/strong><br>Adh\u00e9sion + cotisation + licence<br>144 \u20ac pour l&#8217;ann\u00e9e<br>15 \u20ac suppl\u00e9mentaire pour le hockey seniors<\/p>\n<\/div>\n","protected":false},"excerpt":{"rendered":"<p>Au complexe Serge M\u00e9son\u00e8s &#8211; avenue de de la R\u00e9sistance &#8211; AuxerreArr\u00eat des cours \u00e0 [&hellip;]<\/p>\n","protected":false},"author":1,"featured_media":0,"parent":0,"menu_order":0,"comment_status":"closed","ping_status":"closed","template":"","meta":{"footnotes":""},"class_list":["post-99","page","type-page","status-publish","hentry"],"_links":{"self":[{"href":"https:\/\/www.lions-auxerre.fr\/index.php?rest_route=\/wp\/v2\/pages\/99","targetHints":{"allow":["GET"]}}],"collection":[{"href":"https:\/\/www.lions-auxerre.fr\/index.php?rest_route=\/wp\/v2\/pages"}],"about":[{"href":"https:\/\/www.lions-auxerre.fr\/index.php?rest_route=\/wp\/v2\/types\/page"}],"author":[{"embeddable":true,"href":"https:\/\/www.lions-auxerre.fr\/index.php?rest_route=\/wp\/v2\/users\/1"}],"replies":[{"embeddable":true,"href":"https:\/\/www.lions-auxerre.fr\/index.php?rest_route=%2Fwp%2Fv2%2Fcomments&post=99"}],"version-history":[{"count":4,"href":"https:\/\/www.lions-auxerre.fr\/index.php?rest_route=\/wp\/v2\/pages\/99\/revisions"}],"predecessor-version":[{"id":135,"href":"https:\/\/www.lions-auxerre.fr\/index.php?rest_route=\/wp\/v2\/pages\/99\/revisions\/135"}],"wp:attachment":[{"href":"https:\/\/www.lions-auxerre.fr\/index.php?rest_route=%2Fwp%2Fv2%2Fmedia&parent=99"}],"curies":[{"name":"wp","href":"https:\/\/api.w.org\/{rel}","templated":true}]}}